Last updated on 2024-12-19 23:50:46 CET.
Flavor | Version | Tinstall | Tcheck | Ttotal | Status | Flags |
---|---|---|---|---|---|---|
r-devel-linux-x86_64-debian-clang | 0.0-4 | 57.39 | 127.28 | 184.67 | OK | |
r-devel-linux-x86_64-debian-gcc | 0.0-4 | 41.17 | 91.80 | 132.97 | OK | |
r-devel-linux-x86_64-fedora-clang | 0.0-4 | 305.57 | OK | |||
r-devel-linux-x86_64-fedora-gcc | 0.0-4 | 330.04 | OK | |||
r-devel-windows-x86_64 | 0.0-4 | 57.00 | 206.00 | 263.00 | OK | |
r-patched-linux-x86_64 | 0.0-4 | 59.32 | 121.17 | 180.49 | OK | |
r-release-linux-x86_64 | 0.0-4 | 58.45 | 122.15 | 180.60 | OK | |
r-release-macos-arm64 | 0.0-4 | 123.00 | NOTE | |||
r-release-macos-x86_64 | 0.0-4 | 233.00 | NOTE | |||
r-release-windows-x86_64 | 0.0-4 | 55.00 | 200.00 | 255.00 | OK | |
r-oldrel-macos-arm64 | 0.0-4 | 125.00 | NOTE | |||
r-oldrel-macos-x86_64 | 0.0-4 | 265.00 | NOTE | |||
r-oldrel-windows-x86_64 | 0.0-4 | 68.00 | 248.00 | 316.00 | OK |
Version: 0.0-4
Check: installed package size
Result: NOTE
installed size is 6.5Mb
sub-directories of 1Mb or more:
libs 6.2Mb
Flavors: r-release-macos-arm64, r-release-macos-x86_64, r-oldrel-macos-arm64, r-oldrel-macos-x86_64