CRAN Package Check Results for Package sparkavro

Last updated on 2024-12-19 23:50:46 CET.

Flavor Version Tinstall Tcheck Ttotal Status Flags
r-devel-linux-x86_64-debian-clang 0.3.0 6.12 52.36 58.48 OK
r-devel-linux-x86_64-debian-gcc 0.3.0 4.36 38.17 42.53 OK
r-devel-linux-x86_64-fedora-clang 0.3.0 91.51 OK
r-devel-linux-x86_64-fedora-gcc 0.3.0 86.33 OK
r-devel-windows-x86_64 0.3.0 7.00 73.00 80.00 OK
r-patched-linux-x86_64 0.3.0 5.34 49.41 54.75 NOTE
r-release-linux-x86_64 0.3.0 5.64 49.07 54.71 NOTE
r-release-macos-arm64 0.3.0 29.00 NOTE
r-release-macos-x86_64 0.3.0 42.00 NOTE
r-release-windows-x86_64 0.3.0 7.00 72.00 79.00 NOTE
r-oldrel-macos-arm64 0.3.0 32.00 NOTE
r-oldrel-macos-x86_64 0.3.0 51.00 NOTE
r-oldrel-windows-x86_64 0.3.0 8.00 80.00 88.00 NOTE

Check Details

Version: 0.3.0
Check: LazyData
Result: NOTE 'LazyData' is specified without a 'data' directory Flavors: r-patched-linux-x86_64, r-release-linux-x86_64, r-release-macos-arm64, r-release-macos-x86_64, r-release-windows-x86_64, r-oldrel-macos-arm64, r-oldrel-macos-x86_64, r-oldrel-windows-x86_64