CRAN Package Check Results for Package speakeasyR

Last updated on 2024-12-19 23:50:46 CET.

Flavor Version Tinstall Tcheck Ttotal Status Flags
r-devel-linux-x86_64-debian-clang 0.1.4 37.88 102.60 140.48 OK
r-devel-linux-x86_64-debian-gcc 0.1.4 31.65 86.53 118.18 OK
r-devel-linux-x86_64-fedora-clang 0.1.4 123.64 OK
r-devel-linux-x86_64-fedora-gcc 0.1.4 149.37 OK
r-devel-windows-x86_64 0.1.4 97.00 159.00 256.00 OK
r-patched-linux-x86_64 0.1.4 39.97 115.79 155.76 OK
r-release-linux-x86_64 0.1.4 42.29 117.97 160.26 OK
r-release-macos-arm64 0.1.4 120.00 OK
r-release-macos-x86_64 0.1.4 204.00 OK
r-release-windows-x86_64 0.1.4 90.00 160.00 250.00 OK
r-oldrel-macos-arm64 0.1.4 60.00 NOTE
r-oldrel-macos-x86_64 0.1.4 122.00 NOTE
r-oldrel-windows-x86_64 0.1.4 96.00 191.00 287.00 OK

Check Details

Version: 0.1.4
Check: package dependencies
Result: NOTE Package suggested but not available for checking: ‘scRNAseq’ Flavors: r-oldrel-macos-arm64, r-oldrel-macos-x86_64