CRAN Package Check Results for Package spectacles

Last updated on 2024-12-19 23:50:46 CET.

Flavor Version Tinstall Tcheck Ttotal Status Flags
r-devel-linux-x86_64-debian-clang 0.5-4 16.09 205.74 221.83 NOTE
r-devel-linux-x86_64-debian-gcc 0.5-4 13.27 150.20 163.47 NOTE
r-devel-linux-x86_64-fedora-clang 0.5-4 362.67 NOTE
r-devel-linux-x86_64-fedora-gcc 0.5-4 378.12 NOTE
r-devel-windows-x86_64 0.5-4 19.00 228.00 247.00 NOTE
r-patched-linux-x86_64 0.5-4 18.67 198.19 216.86 NOTE
r-release-linux-x86_64 0.5-4 16.02 199.56 215.58 NOTE
r-release-macos-arm64 0.5-4 112.00 NOTE
r-release-macos-x86_64 0.5-4 180.00 NOTE
r-release-windows-x86_64 0.5-4 19.00 228.00 247.00 NOTE
r-oldrel-macos-arm64 0.5-4 105.00 OK
r-oldrel-macos-x86_64 0.5-4 276.00 OK
r-oldrel-windows-x86_64 0.5-4 24.00 275.00 299.00 OK

Check Details

Version: 0.5-4
Check: Rd files
Result: NOTE checkRd: (-1) australia.Rd:15: Lost braces in \itemize; meant \describe ? checkRd: (-1) australia.Rd:16: Lost braces in \itemize; meant \describe ? checkRd: (-1) australia.Rd:17: Lost braces in \itemize; meant \describe ? checkRd: (-1) australia.Rd:18: Lost braces in \itemize; meant \describe ? checkRd: (-1) australia.Rd:19: Lost braces in \itemize; meant \describe ? Flavors: r-devel-linux-x86_64-debian-clang, r-devel-linux-x86_64-debian-gcc, r-devel-linux-x86_64-fedora-clang, r-devel-linux-x86_64-fedora-gcc, r-devel-windows-x86_64, r-patched-linux-x86_64, r-release-linux-x86_64, r-release-macos-arm64, r-release-macos-x86_64, r-release-windows-x86_64

Version: 0.5-4
Check: Rd cross-references
Result: NOTE Found the following Rd file(s) with Rd \link{} targets missing package anchors: continuum_removal.Rd: baseline Please provide package anchors for all Rd \link{} targets not in the package itself and the base packages. Flavors: r-devel-linux-x86_64-debian-clang, r-devel-linux-x86_64-debian-gcc, r-devel-windows-x86_64