CRAN Package Check Results for Package spinBayes

Last updated on 2024-12-19 23:50:46 CET.

Flavor Version Tinstall Tcheck Ttotal Status Flags
r-devel-linux-x86_64-debian-clang 0.2.1 99.04 60.28 159.32 OK
r-devel-linux-x86_64-debian-gcc 0.2.1 68.62 40.49 109.11 OK
r-devel-linux-x86_64-fedora-clang 0.2.1 295.85 OK
r-devel-linux-x86_64-fedora-gcc 0.2.1 299.20 OK
r-devel-windows-x86_64 0.2.1 96.00 96.00 192.00 OK
r-patched-linux-x86_64 0.2.1 91.96 52.87 144.83 OK
r-release-linux-x86_64 0.2.1 93.09 53.84 146.93 OK
r-release-macos-arm64 0.2.1 66.00 NOTE
r-release-macos-x86_64 0.2.1 72.00 NOTE
r-release-windows-x86_64 0.2.1 94.00 94.00 188.00 OK
r-oldrel-macos-arm64 0.2.1 78.00 NOTE
r-oldrel-macos-x86_64 0.2.1 102.00 NOTE
r-oldrel-windows-x86_64 0.2.1 111.00 110.00 221.00 OK

Check Details

Version: 0.2.1
Check: installed package size
Result: NOTE installed size is 6.6Mb sub-directories of 1Mb or more: libs 6.0Mb Flavors: r-release-macos-arm64, r-release-macos-x86_64, r-oldrel-macos-arm64, r-oldrel-macos-x86_64