Last updated on 2024-12-19 23:50:46 CET.
Flavor | Version | Tinstall | Tcheck | Ttotal | Status | Flags |
---|---|---|---|---|---|---|
r-devel-linux-x86_64-debian-clang | 0.9.0 | 23.36 | 65.52 | 88.88 | NOTE | |
r-devel-linux-x86_64-debian-gcc | 0.9.0 | 15.33 | 48.53 | 63.86 | NOTE | |
r-devel-linux-x86_64-fedora-clang | 0.9.0 | 150.20 | NOTE | |||
r-devel-linux-x86_64-fedora-gcc | 0.9.0 | 158.22 | NOTE | |||
r-devel-windows-x86_64 | 0.9.0 | 24.00 | 96.00 | 120.00 | NOTE | |
r-patched-linux-x86_64 | 0.9.0 | 21.87 | 62.72 | 84.59 | NOTE | |
r-release-linux-x86_64 | 0.9.0 | 20.83 | 62.33 | 83.16 | NOTE | |
r-release-macos-arm64 | 0.9.0 | 49.00 | NOTE | |||
r-release-macos-x86_64 | 0.9.0 | 73.00 | NOTE | |||
r-release-windows-x86_64 | 0.9.0 | 24.00 | 95.00 | 119.00 | NOTE | |
r-oldrel-macos-arm64 | 0.9.0 | 53.00 | NOTE | |||
r-oldrel-macos-x86_64 | 0.9.0 | 87.00 | NOTE | |||
r-oldrel-windows-x86_64 | 0.9.0 | 30.00 | 117.00 | 147.00 | NOTE |
Version: 0.9.0
Check: C++ specification
Result: NOTE
Specified C++11: please drop specification unless essential
Flavors: r-devel-linux-x86_64-debian-clang, r-devel-linux-x86_64-debian-gcc, r-devel-linux-x86_64-fedora-clang, r-devel-linux-x86_64-fedora-gcc, r-devel-windows-x86_64, r-patched-linux-x86_64, r-release-linux-x86_64, r-release-macos-arm64, r-release-macos-x86_64, r-release-windows-x86_64, r-oldrel-macos-arm64, r-oldrel-macos-x86_64, r-oldrel-windows-x86_64