CRAN Package Check Results for Package ssrm.logmer

Last updated on 2024-12-19 23:50:46 CET.

Flavor Version Tinstall Tcheck Ttotal Status Flags
r-devel-linux-x86_64-debian-clang 0.1 1.99 17.88 19.87 OK
r-devel-linux-x86_64-debian-gcc 0.1 1.58 14.35 15.93 OK
r-devel-linux-x86_64-fedora-clang 0.1 33.74 OK
r-devel-linux-x86_64-fedora-gcc 0.1 30.66 OK
r-devel-windows-x86_64 0.1 3.00 46.00 49.00 OK
r-patched-linux-x86_64 0.1 2.05 17.35 19.40 NOTE
r-release-linux-x86_64 0.1 1.93 17.26 19.19 NOTE
r-release-macos-arm64 0.1 15.00 NOTE
r-release-macos-x86_64 0.1 21.00 NOTE
r-release-windows-x86_64 0.1 3.00 44.00 47.00 NOTE
r-oldrel-macos-arm64 0.1 15.00 NOTE
r-oldrel-macos-x86_64 0.1 21.00 NOTE
r-oldrel-windows-x86_64 0.1 3.00 47.00 50.00 NOTE

Check Details

Version: 0.1
Check: LazyData
Result: NOTE 'LazyData' is specified without a 'data' directory Flavors: r-patched-linux-x86_64, r-release-linux-x86_64, r-release-macos-arm64, r-release-macos-x86_64, r-release-windows-x86_64, r-oldrel-macos-arm64, r-oldrel-macos-x86_64, r-oldrel-windows-x86_64