CRAN Package Check Results for Package stabiliser

Last updated on 2024-12-19 23:50:46 CET.

Flavor Version Tinstall Tcheck Ttotal Status Flags
r-devel-linux-x86_64-debian-clang 1.0.6 15.20 307.40 322.60 OK
r-devel-linux-x86_64-debian-gcc 1.0.6 12.75 205.20 217.95 OK
r-devel-linux-x86_64-fedora-clang 1.0.6 538.24 NOTE
r-devel-linux-x86_64-fedora-gcc 1.0.6 524.99 NOTE
r-devel-windows-x86_64 1.0.6 18.00 282.00 300.00 OK
r-patched-linux-x86_64 1.0.6 18.18 298.52 316.70 OK
r-release-linux-x86_64 1.0.6 17.64 297.91 315.55 OK
r-release-macos-arm64 1.0.6 121.00 OK
r-release-macos-x86_64 1.0.6 207.00 OK
r-release-windows-x86_64 1.0.6 19.00 282.00 301.00 OK
r-oldrel-macos-arm64 1.0.6 171.00 OK
r-oldrel-macos-x86_64 1.0.6 235.00 OK
r-oldrel-windows-x86_64 1.0.6 24.00 368.00 392.00 OK

Check Details

Version: 1.0.6
Check: dependencies in R code
Result: NOTE Namespace in Imports field not imported from: ‘knitr’ All declared Imports should be used. Flavors: r-devel-linux-x86_64-fedora-clang, r-devel-linux-x86_64-fedora-gcc