CRAN Package Check Results for Package statar

Last updated on 2024-12-19 23:50:46 CET.

Flavor Version Tinstall Tcheck Ttotal Status Flags
r-devel-linux-x86_64-debian-clang 0.7.6 5.16 58.12 63.28 NOTE
r-devel-linux-x86_64-debian-gcc 0.7.6 4.09 44.40 48.49 NOTE
r-devel-linux-x86_64-fedora-clang 0.7.6 110.37 OK
r-devel-linux-x86_64-fedora-gcc 0.7.6 112.65 OK
r-devel-windows-x86_64 0.7.6 7.00 80.00 87.00 NOTE
r-patched-linux-x86_64 0.7.6 10.46 55.17 65.63 OK
r-release-linux-x86_64 0.7.6 4.39 55.17 59.56 OK
r-release-macos-arm64 0.7.6 40.00 OK
r-release-macos-x86_64 0.7.6 64.00 OK
r-release-windows-x86_64 0.7.6 8.00 79.00 87.00 OK
r-oldrel-macos-arm64 0.7.6 42.00 OK
r-oldrel-macos-x86_64 0.7.6 84.00 OK
r-oldrel-windows-x86_64 0.7.6 10.00 90.00 100.00 OK

Check Details

Version: 0.7.6
Check: Rd cross-references
Result: NOTE Found the following Rd file(s) with Rd \link{} targets missing package anchors: elapsed.Rd: week, month, year Please provide package anchors for all Rd \link{} targets not in the package itself and the base packages. Flavors: r-devel-linux-x86_64-debian-clang, r-devel-linux-x86_64-debian-gcc, r-devel-windows-x86_64