CRAN Package Check Results for Package statespacer

Last updated on 2024-12-19 23:50:46 CET.

Flavor Version Tinstall Tcheck Ttotal Status Flags
r-devel-linux-x86_64-debian-clang 0.5.0 87.13 102.72 189.85 OK
r-devel-linux-x86_64-debian-gcc 0.5.0 58.72 81.27 139.99 OK
r-devel-linux-x86_64-fedora-clang 0.5.0 333.87 OK
r-devel-linux-x86_64-fedora-gcc 0.5.0 385.90 OK
r-devel-windows-x86_64 0.5.0 80.00 156.00 236.00 OK
r-patched-linux-x86_64 0.5.0 79.02 118.28 197.30 OK
r-release-linux-x86_64 0.5.0 78.28 119.18 197.46 OK
r-release-macos-arm64 0.5.0 97.00 NOTE
r-release-macos-x86_64 0.5.0 125.00 NOTE
r-release-windows-x86_64 0.5.0 80.00 156.00 236.00 OK
r-oldrel-macos-arm64 0.5.0 111.00 NOTE
r-oldrel-macos-x86_64 0.5.0 181.00 NOTE
r-oldrel-windows-x86_64 0.5.0 100.00 178.00 278.00 OK

Check Details

Version: 0.5.0
Check: installed package size
Result: NOTE installed size is 6.8Mb sub-directories of 1Mb or more: libs 6.0Mb Flavors: r-release-macos-arm64, r-release-macos-x86_64, r-oldrel-macos-arm64, r-oldrel-macos-x86_64