CRAN Package Check Results for Package stm

Last updated on 2024-12-19 23:50:46 CET.

Flavor Version Tinstall Tcheck Ttotal Status Flags
r-devel-linux-x86_64-debian-clang 1.3.7 33.84 221.67 255.51 NOTE
r-devel-linux-x86_64-debian-gcc 1.3.7 23.35 153.62 176.97 NOTE
r-devel-linux-x86_64-fedora-clang 1.3.7 429.12 OK
r-devel-linux-x86_64-fedora-gcc 1.3.7 432.12 OK
r-devel-windows-x86_64 1.3.7 39.00 286.00 325.00 NOTE
r-patched-linux-x86_64 1.3.7 38.61 212.56 251.17 OK
r-release-linux-x86_64 1.3.7 32.69 214.60 247.29 OK
r-release-macos-arm64 1.3.7 124.00 NOTE
r-release-macos-x86_64 1.3.7 196.00 NOTE
r-release-windows-x86_64 1.3.7 39.00 274.00 313.00 OK
r-oldrel-macos-arm64 1.3.7 141.00 NOTE
r-oldrel-macos-x86_64 1.3.7 346.00 NOTE
r-oldrel-windows-x86_64 1.3.7 47.00 343.00 390.00 OK

Check Details

Version: 1.3.7
Check: Rd cross-references
Result: NOTE Found the following Rd file(s) with Rd \link{} targets missing package anchors: labelTopics.Rd: lda topicLasso.Rd: glmnet, cv.glmnet Please provide package anchors for all Rd \link{} targets not in the package itself and the base packages. Flavors: r-devel-linux-x86_64-debian-clang, r-devel-linux-x86_64-debian-gcc, r-devel-windows-x86_64

Version: 1.3.7
Check: installed package size
Result: NOTE installed size is 5.3Mb sub-directories of 1Mb or more: data 1.7Mb libs 2.4Mb Flavors: r-release-macos-arm64, r-release-macos-x86_64, r-oldrel-macos-arm64, r-oldrel-macos-x86_64