Last updated on 2024-12-19 23:50:46 CET.
Flavor | Version | Tinstall | Tcheck | Ttotal | Status | Flags |
---|---|---|---|---|---|---|
r-devel-linux-x86_64-debian-clang | 1.1.2 | 12.75 | 120.56 | 133.31 | OK | |
r-devel-linux-x86_64-debian-gcc | 1.1.2 | 8.90 | 84.26 | 93.16 | OK | |
r-devel-linux-x86_64-fedora-clang | 1.1.2 | 219.86 | OK | |||
r-devel-linux-x86_64-fedora-gcc | 1.1.2 | 217.38 | OK | |||
r-devel-windows-x86_64 | 1.1.2 | 14.00 | 137.00 | 151.00 | OK | |
r-patched-linux-x86_64 | 1.1.2 | 13.41 | 113.17 | 126.58 | OK | |
r-release-linux-x86_64 | 1.1.2 | 13.70 | 114.20 | 127.90 | OK | |
r-release-macos-arm64 | 1.1.2 | 67.00 | NOTE | |||
r-release-macos-x86_64 | 1.1.2 | 107.00 | NOTE | |||
r-release-windows-x86_64 | 1.1.2 | 16.00 | 130.00 | 146.00 | NOTE | |
r-oldrel-macos-arm64 | 1.1.2 | 68.00 | NOTE | |||
r-oldrel-macos-x86_64 | 1.1.2 | 107.00 | NOTE | |||
r-oldrel-windows-x86_64 | 1.1.2 | 19.00 | 168.00 | 187.00 | NOTE |
Version: 1.1.2
Check: installed package size
Result: NOTE
installed size is 7.8Mb
sub-directories of 1Mb or more:
data 7.3Mb
Flavors: r-release-macos-arm64, r-release-macos-x86_64, r-release-windows-x86_64, r-oldrel-macos-arm64, r-oldrel-macos-x86_64, r-oldrel-windows-x86_64