Last updated on 2024-12-19 23:50:47 CET.
Flavor | Version | Tinstall | Tcheck | Ttotal | Status | Flags |
---|---|---|---|---|---|---|
r-devel-linux-x86_64-debian-clang | 1.1.2 | 32.56 | 78.80 | 111.36 | NOTE | |
r-devel-linux-x86_64-debian-gcc | 1.1.2 | 23.66 | 57.65 | 81.31 | NOTE | |
r-devel-linux-x86_64-fedora-clang | 1.1.2 | 193.24 | NOTE | |||
r-devel-linux-x86_64-fedora-gcc | 1.1.2 | 202.20 | NOTE | |||
r-devel-windows-x86_64 | 1.1.2 | 36.00 | 128.00 | 164.00 | NOTE | |
r-patched-linux-x86_64 | 1.1.2 | 36.43 | 73.89 | 110.32 | OK | |
r-release-linux-x86_64 | 1.1.2 | 32.25 | 74.28 | 106.53 | OK | |
r-release-macos-arm64 | 1.1.2 | 90.00 | NOTE | |||
r-release-macos-x86_64 | 1.1.2 | 92.00 | NOTE | |||
r-release-windows-x86_64 | 1.1.2 | 35.00 | 117.00 | 152.00 | NOTE | |
r-oldrel-macos-arm64 | 1.1.2 | 82.00 | NOTE | |||
r-oldrel-macos-x86_64 | 1.1.2 | 175.00 | NOTE | |||
r-oldrel-windows-x86_64 | 1.1.2 | 36.00 | 143.00 | 179.00 | NOTE |
Version: 1.1.2
Check: compiled code
Result: NOTE
File ‘stringmagic/libs/stringmagic.so’:
Found non-API call to R: ‘STRING_PTR’
Compiled code should not call non-API entry points in R.
See ‘Writing portable packages’ in the ‘Writing R Extensions’ manual,
and section ‘Moving into C API compliance’ for issues with the use of
non-API entry points.
Flavors: r-devel-linux-x86_64-debian-clang, r-devel-linux-x86_64-debian-gcc, r-devel-linux-x86_64-fedora-clang, r-devel-linux-x86_64-fedora-gcc
Version: 1.1.2
Check: compiled code
Result: NOTE
File 'stringmagic/libs/x64/stringmagic.dll':
Found non-API call to R: 'STRING_PTR'
Compiled code should not call non-API entry points in R.
See 'Writing portable packages' in the 'Writing R Extensions' manual,
and section 'Moving into C API compliance' for issues with the use of
non-API entry points.
Flavor: r-devel-windows-x86_64
Version: 1.1.2
Check: installed package size
Result: NOTE
installed size is 9.7Mb
sub-directories of 1Mb or more:
doc 7.1Mb
libs 1.8Mb
Flavors: r-release-macos-arm64, r-release-macos-x86_64, r-release-windows-x86_64, r-oldrel-macos-arm64, r-oldrel-macos-x86_64, r-oldrel-windows-x86_64