Last updated on 2024-12-19 23:50:47 CET.
Flavor | Version | Tinstall | Tcheck | Ttotal | Status | Flags |
---|---|---|---|---|---|---|
r-devel-linux-x86_64-debian-clang | 1.0-3 | 2.63 | 62.65 | 65.28 | OK | |
r-devel-linux-x86_64-debian-gcc | 1.0-3 | 1.99 | 44.25 | 46.24 | OK | |
r-devel-linux-x86_64-fedora-clang | 1.0-3 | 106.51 | OK | |||
r-devel-linux-x86_64-fedora-gcc | 1.0-3 | 114.81 | OK | |||
r-devel-windows-x86_64 | 1.0-3 | 4.00 | 81.00 | 85.00 | OK | |
r-patched-linux-x86_64 | 1.0-3 | 2.88 | 60.45 | 63.33 | NOTE | |
r-release-linux-x86_64 | 1.0-3 | 2.62 | 60.41 | 63.03 | NOTE | |
r-release-macos-arm64 | 1.0-3 | 36.00 | NOTE | |||
r-release-macos-x86_64 | 1.0-3 | 56.00 | NOTE | |||
r-release-windows-x86_64 | 1.0-3 | 4.00 | 74.00 | 78.00 | NOTE | |
r-oldrel-macos-arm64 | 1.0-3 | 40.00 | NOTE | |||
r-oldrel-macos-x86_64 | 1.0-3 | 65.00 | NOTE | |||
r-oldrel-windows-x86_64 | 1.0-3 | 5.00 | 92.00 | 97.00 | NOTE |
Version: 1.0-3
Check: LazyData
Result: NOTE
'LazyData' is specified without a 'data' directory
Flavors: r-patched-linux-x86_64, r-release-linux-x86_64, r-release-macos-arm64, r-release-macos-x86_64, r-release-windows-x86_64, r-oldrel-macos-arm64, r-oldrel-macos-x86_64, r-oldrel-windows-x86_64