Last updated on 2024-12-19 23:50:47 CET.
Flavor | Version | Tinstall | Tcheck | Ttotal | Status | Flags |
---|---|---|---|---|---|---|
r-devel-linux-x86_64-debian-clang | 2.0.2 | 17.78 | 163.55 | 181.33 | OK | |
r-devel-linux-x86_64-debian-gcc | 2.0.2 | 11.09 | 111.56 | 122.65 | OK | |
r-devel-linux-x86_64-fedora-clang | 2.0.2 | 292.01 | OK | |||
r-devel-linux-x86_64-fedora-gcc | 2.0.2 | 274.89 | OK | |||
r-devel-windows-x86_64 | 2.0.2 | 18.00 | 158.00 | 176.00 | OK | |
r-patched-linux-x86_64 | 2.0.2 | 16.71 | 153.84 | 170.55 | NOTE | |
r-release-linux-x86_64 | 2.0.2 | 12.85 | 153.31 | 166.16 | NOTE | |
r-release-macos-arm64 | 2.0.2 | 69.00 | NOTE | |||
r-release-macos-x86_64 | 2.0.2 | 118.00 | NOTE | |||
r-release-windows-x86_64 | 2.0.2 | 17.00 | 153.00 | 170.00 | NOTE | |
r-oldrel-macos-arm64 | 2.0.2 | 78.00 | NOTE | |||
r-oldrel-macos-x86_64 | 2.0.2 | 132.00 | NOTE | |||
r-oldrel-windows-x86_64 | 2.0.2 | 23.00 | 202.00 | 225.00 | NOTE |
Version: 2.0.2
Check: package dependencies
Result: NOTE
Packages suggested but not available for checking:
'survHEinla', 'survHEhmc', 'INLA'
Flavors: r-patched-linux-x86_64, r-release-linux-x86_64, r-release-macos-arm64, r-release-macos-x86_64, r-oldrel-macos-arm64, r-oldrel-macos-x86_64, r-oldrel-windows-x86_64
Version: 2.0.2
Check: package dependencies
Result: NOTE
Packages suggested but not available for checking:
'survHEinla', 'survHEhmc'
Flavor: r-release-windows-x86_64