CRAN Package Check Results for Package sweep

Last updated on 2024-12-19 23:50:47 CET.

Flavor Version Tinstall Tcheck Ttotal Status Flags
r-devel-linux-x86_64-debian-clang 0.2.5 12.62 224.41 237.03 NOTE
r-devel-linux-x86_64-debian-gcc 0.2.5 8.97 158.32 167.29 NOTE
r-devel-linux-x86_64-fedora-clang 0.2.5 399.28 NOTE
r-devel-linux-x86_64-fedora-gcc 0.2.5 359.92 NOTE
r-devel-windows-x86_64 0.2.5 16.00 211.00 227.00 NOTE
r-patched-linux-x86_64 0.2.5 19.62 213.78 233.40 OK
r-release-linux-x86_64 0.2.5 12.73 212.19 224.92 OK
r-release-macos-arm64 0.2.5 101.00 OK
r-release-macos-x86_64 0.2.5 150.00 OK
r-release-windows-x86_64 0.2.5 18.00 207.00 225.00 OK
r-oldrel-macos-arm64 0.2.5 93.00 OK
r-oldrel-macos-x86_64 0.2.5 250.00 OK
r-oldrel-windows-x86_64 0.2.5 22.00 255.00 277.00 OK

Additional issues

noSuggests

Check Details

Version: 0.2.5
Check: Rd cross-references
Result: NOTE Found the following Rd file(s) with Rd \link{} targets missing package anchors: sw_sweep.Rd: tk_make_future_timeseries tidiers_bats.Rd: bats, tbats tidiers_ets.Rd: ets tidiers_nnetar.Rd: nnetar Please provide package anchors for all Rd \link{} targets not in the package itself and the base packages. Flavors: r-devel-linux-x86_64-debian-clang, r-devel-linux-x86_64-debian-gcc, r-devel-windows-x86_64

Version: 0.2.5
Check: dependencies in R code
Result: NOTE Namespaces in Imports field not imported from: ‘lubridate’ ‘tidyquant’ ‘tidyr’ ‘tidyverse’ All declared Imports should be used. Flavors: r-devel-linux-x86_64-fedora-clang, r-devel-linux-x86_64-fedora-gcc