Last updated on 2024-12-19 23:50:47 CET.
Flavor | Version | Tinstall | Tcheck | Ttotal | Status | Flags |
---|---|---|---|---|---|---|
r-devel-linux-x86_64-debian-clang | 3.4.3 | 2.55 | 20.87 | 23.42 | OK | |
r-devel-linux-x86_64-debian-gcc | 3.4.3 | 1.91 | 17.53 | 19.44 | OK | |
r-devel-linux-x86_64-fedora-clang | 3.4.3 | 37.77 | OK | |||
r-devel-linux-x86_64-fedora-gcc | 3.4.3 | 35.63 | OK | |||
r-devel-windows-x86_64 | 3.4.3 | 8.00 | 57.00 | 65.00 | OK | |
r-patched-linux-x86_64 | 3.4.3 | 2.44 | 20.03 | 22.47 | OK | |
r-release-linux-x86_64 | 3.4.3 | 2.21 | 19.82 | 22.03 | OK | |
r-release-macos-arm64 | 3.4.3 | 37.00 | OK | |||
r-release-macos-x86_64 | 3.4.3 | 59.00 | OK | |||
r-release-windows-x86_64 | 3.4.3 | 9.00 | 68.00 | 77.00 | NOTE | |
r-oldrel-macos-arm64 | 3.4.3 | 43.00 | OK | |||
r-oldrel-macos-x86_64 | 3.4.3 | 68.00 | OK | |||
r-oldrel-windows-x86_64 | 3.4.3 | 9.00 | 56.00 | 65.00 | NOTE |
Version: 3.4.3
Check: package dependencies
Result: NOTE
Package suggested but not available for checking: 'unix'
Flavors: r-release-windows-x86_64, r-oldrel-windows-x86_64