CRAN Package Check Results for Package taipan

Last updated on 2024-12-19 23:50:47 CET.

Flavor Version Tinstall Tcheck Ttotal Status Flags
r-devel-linux-x86_64-debian-clang 0.1.2 3.71 35.23 38.94 OK
r-devel-linux-x86_64-debian-gcc 0.1.2 2.86 27.71 30.57 OK
r-devel-linux-x86_64-fedora-clang 0.1.2 62.26 OK
r-devel-linux-x86_64-fedora-gcc 0.1.2 71.18 OK
r-devel-windows-x86_64 0.1.2 6.00 58.00 64.00 OK
r-patched-linux-x86_64 0.1.2 3.40 33.51 36.91 NOTE
r-release-linux-x86_64 0.1.2 3.37 33.15 36.52 NOTE
r-release-macos-arm64 0.1.2 28.00 NOTE
r-release-macos-x86_64 0.1.2 45.00 NOTE
r-release-windows-x86_64 0.1.2 6.00 57.00 63.00 NOTE
r-oldrel-macos-arm64 0.1.2 29.00 NOTE
r-oldrel-macos-x86_64 0.1.2 43.00 NOTE
r-oldrel-windows-x86_64 0.1.2 7.00 60.00 67.00 NOTE

Check Details

Version: 0.1.2
Check: LazyData
Result: NOTE 'LazyData' is specified without a 'data' directory Flavors: r-patched-linux-x86_64, r-release-linux-x86_64, r-release-macos-arm64, r-release-macos-x86_64, r-release-windows-x86_64, r-oldrel-macos-arm64, r-oldrel-macos-x86_64, r-oldrel-windows-x86_64