CRAN Package Check Results for Package targeted

Last updated on 2024-12-19 23:50:47 CET.

Flavor Version Tinstall Tcheck Ttotal Status Flags
r-devel-linux-x86_64-debian-clang 0.5 166.40 144.08 310.48 OK
r-devel-linux-x86_64-debian-gcc 0.5 119.92 106.33 226.25 OK
r-devel-linux-x86_64-fedora-clang 0.5 597.48 OK
r-devel-linux-x86_64-fedora-gcc 0.5 660.13 OK
r-devel-windows-x86_64 0.5 174.00 187.00 361.00 OK
r-patched-linux-x86_64 0.5 172.12 146.39 318.51 OK
r-release-linux-x86_64 0.5 170.04 152.20 322.24 OK
r-release-macos-arm64 0.5 133.00 NOTE
r-release-macos-x86_64 0.5 160.00 NOTE
r-release-windows-x86_64 0.5 175.00 178.00 353.00 OK
r-oldrel-macos-arm64 0.5 137.00 NOTE
r-oldrel-macos-x86_64 0.5 265.00 NOTE
r-oldrel-windows-x86_64 0.5 204.00 230.00 434.00 OK

Check Details

Version: 0.5
Check: installed package size
Result: NOTE installed size is 15.0Mb sub-directories of 1Mb or more: doc 1.1Mb libs 13.3Mb Flavors: r-release-macos-arm64, r-release-macos-x86_64, r-oldrel-macos-arm64, r-oldrel-macos-x86_64