Last updated on 2024-12-19 23:50:47 CET.
Flavor | Version | Tinstall | Tcheck | Ttotal | Status | Flags |
---|---|---|---|---|---|---|
r-devel-linux-x86_64-debian-clang | 1.0.3 | 180.68 | 306.08 | 486.76 | NOTE | |
r-devel-linux-x86_64-debian-gcc | 1.0.3 | 128.99 | 197.28 | 326.27 | NOTE | |
r-devel-linux-x86_64-fedora-clang | 1.0.3 | 868.49 | NOTE | |||
r-devel-linux-x86_64-fedora-gcc | 1.0.3 | 857.54 | NOTE | |||
r-devel-windows-x86_64 | 1.0.3 | 186.00 | 283.00 | 469.00 | NOTE | |
r-patched-linux-x86_64 | 1.0.3 | 180.65 | 286.62 | 467.27 | NOTE | |
r-release-linux-x86_64 | 1.0.3 | 182.35 | 287.53 | 469.88 | NOTE | |
r-release-macos-arm64 | 1.0.3 | 175.00 | NOTE | |||
r-release-macos-x86_64 | 1.0.3 | 230.00 | NOTE | |||
r-release-windows-x86_64 | 1.0.3 | 188.00 | 270.00 | 458.00 | NOTE | |
r-oldrel-macos-arm64 | 1.0.3 | 203.00 | NOTE | |||
r-oldrel-macos-x86_64 | 1.0.3 | 354.00 | NOTE | |||
r-oldrel-windows-x86_64 | 1.0.3 | 219.00 | 373.00 | 592.00 | NOTE |
Version: 1.0.3
Check: C++ specification
Result: NOTE
Specified C++11: please drop specification unless essential
Flavors: r-devel-linux-x86_64-debian-clang, r-devel-linux-x86_64-debian-gcc, r-devel-linux-x86_64-fedora-clang, r-devel-linux-x86_64-fedora-gcc, r-devel-windows-x86_64, r-patched-linux-x86_64, r-release-linux-x86_64, r-release-macos-arm64, r-release-macos-x86_64, r-release-windows-x86_64, r-oldrel-macos-arm64, r-oldrel-macos-x86_64, r-oldrel-windows-x86_64
Version: 1.0.3
Check: installed package size
Result: NOTE
installed size is 19.2Mb
sub-directories of 1Mb or more:
data 2.4Mb
libs 16.5Mb
Flavors: r-release-macos-arm64, r-release-macos-x86_64, r-oldrel-macos-arm64, r-oldrel-macos-x86_64