Last updated on 2024-12-19 23:50:47 CET.
Flavor | Version | Tinstall | Tcheck | Ttotal | Status | Flags |
---|---|---|---|---|---|---|
r-devel-linux-x86_64-debian-clang | 1.1.1 | 147.15 | 36.12 | 183.27 | OK | |
r-devel-linux-x86_64-debian-gcc | 1.1.1 | 109.21 | 35.70 | 144.91 | OK | |
r-devel-linux-x86_64-fedora-clang | 1.1.1 | 328.26 | OK | |||
r-devel-linux-x86_64-fedora-gcc | 1.1.1 | 399.80 | OK | |||
r-devel-windows-x86_64 | 1.1.1 | 137.00 | 89.00 | 226.00 | OK | |
r-patched-linux-x86_64 | 1.1.1 | 147.28 | 46.20 | 193.48 | OK | |
r-release-linux-x86_64 | 1.1.1 | 140.50 | 46.03 | 186.53 | OK | |
r-release-macos-arm64 | 1.1.1 | 106.00 | NOTE | |||
r-release-macos-x86_64 | 1.1.1 | 81.00 | NOTE | |||
r-release-windows-x86_64 | 1.1.1 | 140.00 | 85.00 | 225.00 | OK | |
r-oldrel-macos-arm64 | 1.1.1 | 97.00 | NOTE | |||
r-oldrel-macos-x86_64 | 1.1.1 | 147.00 | NOTE | |||
r-oldrel-windows-x86_64 | 1.1.1 | 166.00 | 98.00 | 264.00 | OK |
Version: 1.1.1
Check: installed package size
Result: NOTE
installed size is 14.9Mb
sub-directories of 1Mb or more:
libs 14.8Mb
Flavors: r-release-macos-arm64, r-release-macos-x86_64, r-oldrel-macos-arm64, r-oldrel-macos-x86_64