CRAN Package Check Results for Package textTinyR

Last updated on 2024-12-19 23:50:47 CET.

Flavor Version Tinstall Tcheck Ttotal Status Flags
r-devel-linux-x86_64-debian-clang 1.1.8 93.98 129.57 223.55 OK
r-devel-linux-x86_64-debian-gcc 1.1.8 75.58 117.44 193.02 OK
r-devel-linux-x86_64-fedora-clang 1.1.8 384.90 OK
r-devel-linux-x86_64-fedora-gcc 1.1.8 435.02 OK
r-devel-windows-x86_64 1.1.8 96.00 157.00 253.00 OK
r-patched-linux-x86_64 1.1.8 104.42 128.38 232.80 OK
r-release-linux-x86_64 1.1.8 101.84 129.35 231.19 OK
r-release-macos-arm64 1.1.8 101.00 NOTE
r-release-macos-x86_64 1.1.8 142.00 NOTE
r-release-windows-x86_64 1.1.8 97.00 154.00 251.00 OK
r-oldrel-macos-arm64 1.1.8 123.00 NOTE
r-oldrel-macos-x86_64 1.1.8 225.00 NOTE
r-oldrel-windows-x86_64 1.1.8 118.00 188.00 306.00 OK

Check Details

Version: 1.1.8
Check: installed package size
Result: NOTE installed size is 15.3Mb sub-directories of 1Mb or more: libs 13.8Mb Flavors: r-release-macos-arm64, r-release-macos-x86_64, r-oldrel-macos-arm64, r-oldrel-macos-x86_64