Last updated on 2024-12-19 23:50:47 CET.
Flavor | Version | Tinstall | Tcheck | Ttotal | Status | Flags |
---|---|---|---|---|---|---|
r-devel-linux-x86_64-debian-clang | 0.1.5 | 16.09 | 64.85 | 80.94 | NOTE | |
r-devel-linux-x86_64-debian-gcc | 0.1.5 | 13.32 | 56.74 | 70.06 | NOTE | |
r-devel-linux-x86_64-fedora-clang | 0.1.5 | 127.89 | NOTE | |||
r-devel-linux-x86_64-fedora-gcc | 0.1.5 | 143.01 | NOTE | |||
r-devel-windows-x86_64 | 0.1.5 | 20.00 | 142.00 | 162.00 | NOTE | |
r-patched-linux-x86_64 | 0.1.5 | 18.48 | 62.06 | 80.54 | NOTE | |
r-release-linux-x86_64 | 0.1.5 | 17.47 | 61.89 | 79.36 | NOTE | |
r-release-macos-arm64 | 0.1.5 | 44.00 | NOTE | |||
r-release-macos-x86_64 | 0.1.5 | 83.00 | NOTE | |||
r-release-windows-x86_64 | 0.1.5 | 20.00 | 136.00 | 156.00 | NOTE | |
r-oldrel-macos-arm64 | 0.1.5 | 46.00 | OK | |||
r-oldrel-macos-x86_64 | 0.1.5 | 74.00 | OK | |||
r-oldrel-windows-x86_64 | 0.1.5 | 26.00 | 138.00 | 164.00 | OK |
Version: 0.1.5
Check: Rd files
Result: NOTE
checkRd: (-1) make.phrase.matrix.Rd:20: Lost braces
20 | \\tabular{rrrrr}{
| ^
checkRd: (-1) make.phrase.matrix.Rd:20-23: Lost braces
20 | \\tabular{rrrrr}{
| ^
Flavors: r-devel-linux-x86_64-debian-clang, r-devel-linux-x86_64-debian-gcc, r-devel-linux-x86_64-fedora-clang, r-devel-linux-x86_64-fedora-gcc, r-devel-windows-x86_64, r-patched-linux-x86_64, r-release-linux-x86_64, r-release-macos-arm64, r-release-macos-x86_64, r-release-windows-x86_64