CRAN Package Check Results for Package thaipdf

Last updated on 2024-12-19 23:50:47 CET.

Flavor Version Tinstall Tcheck Ttotal Status Flags
r-devel-linux-x86_64-debian-clang 0.1.2 2.02 25.05 27.07 NOTE
r-devel-linux-x86_64-debian-gcc 0.1.2 1.55 19.90 21.45 NOTE
r-devel-linux-x86_64-fedora-clang 0.1.2 43.76 OK
r-devel-linux-x86_64-fedora-gcc 0.1.2 54.18 OK
r-devel-windows-x86_64 0.1.2 4.00 51.00 55.00 NOTE
r-patched-linux-x86_64 0.1.2 5.79 23.56 29.35 OK
r-release-linux-x86_64 0.1.2 1.96 24.14 26.10 OK
r-release-macos-arm64 0.1.2 25.00 OK
r-release-macos-x86_64 0.1.2 36.00 OK
r-release-windows-x86_64 0.1.2 5.00 51.00 56.00 OK
r-oldrel-macos-arm64 0.1.2 27.00 OK
r-oldrel-macos-x86_64 0.1.2 36.00 OK
r-oldrel-windows-x86_64 0.1.2 4.00 51.00 55.00 OK

Check Details

Version: 0.1.2
Check: Rd cross-references
Result: NOTE Found the following Rd file(s) with Rd \link{} targets missing package anchors: thaipdf_document.Rd: pdf_document Please provide package anchors for all Rd \link{} targets not in the package itself and the base packages. Flavors: r-devel-linux-x86_64-debian-clang, r-devel-linux-x86_64-debian-gcc, r-devel-windows-x86_64