CRAN Package Check Results for Package tidybins

Last updated on 2024-12-19 23:50:47 CET.

Flavor Version Tinstall Tcheck Ttotal Status Flags
r-devel-linux-x86_64-debian-clang 0.1.1 2.74 34.09 36.83 OK
r-devel-linux-x86_64-debian-gcc 0.1.1 1.97 26.89 28.86 OK
r-devel-linux-x86_64-fedora-clang 0.1.1 66.20 NOTE
r-devel-linux-x86_64-fedora-gcc 0.1.1 73.64 NOTE
r-devel-windows-x86_64 0.1.1 6.00 65.00 71.00 OK
r-patched-linux-x86_64 0.1.1 3.06 32.99 36.05 OK
r-release-linux-x86_64 0.1.1 2.66 32.73 35.39 OK
r-release-macos-arm64 0.1.1 30.00 OK
r-release-macos-x86_64 0.1.1 66.00 OK
r-release-windows-x86_64 0.1.1 6.00 65.00 71.00 OK
r-oldrel-macos-arm64 0.1.1 34.00 OK
r-oldrel-macos-x86_64 0.1.1 56.00 OK
r-oldrel-windows-x86_64 0.1.1 6.00 65.00 71.00 OK

Check Details

Version: 0.1.1
Check: dependencies in R code
Result: NOTE Namespaces in Imports field not imported from: ‘badger’ ‘ggplot2’ ‘lubridate’ ‘scales’ ‘xgboost’ All declared Imports should be used. Flavors: r-devel-linux-x86_64-fedora-clang, r-devel-linux-x86_64-fedora-gcc