Last updated on 2024-12-19 23:50:47 CET.
Flavor | Version | Tinstall | Tcheck | Ttotal | Status | Flags |
---|---|---|---|---|---|---|
r-devel-linux-x86_64-debian-clang | 0.1.2 | 12.44 | 57.93 | 70.37 | NOTE | |
r-devel-linux-x86_64-debian-gcc | 0.1.2 | 9.56 | 44.08 | 53.64 | NOTE | |
r-devel-linux-x86_64-fedora-clang | 0.1.2 | 121.08 | NOTE | |||
r-devel-linux-x86_64-fedora-gcc | 0.1.2 | 127.29 | NOTE | |||
r-devel-windows-x86_64 | 0.1.2 | 18.00 | 92.00 | 110.00 | NOTE | |
r-patched-linux-x86_64 | 0.1.2 | 12.56 | 54.49 | 67.05 | NOTE | |
r-release-linux-x86_64 | 0.1.2 | 13.38 | 54.09 | 67.47 | NOTE | |
r-release-macos-arm64 | 0.1.2 | 41.00 | NOTE | |||
r-release-macos-x86_64 | 0.1.2 | 64.00 | NOTE | |||
r-release-windows-x86_64 | 0.1.2 | 22.00 | 88.00 | 110.00 | NOTE | |
r-oldrel-macos-arm64 | 0.1.2 | 44.00 | NOTE | |||
r-oldrel-macos-x86_64 | 0.1.2 | 67.00 | NOTE | |||
r-oldrel-windows-x86_64 | 0.1.2 | 20.00 | 105.00 | 125.00 | NOTE |
Version: 0.1.2
Check: package subdirectories
Result: NOTE
Problems with news in ‘NEWS.md’:
Cannot extract version info from the following section titles:
Initial Release (v0.1.0)
Flavors: r-devel-linux-x86_64-debian-clang, r-devel-linux-x86_64-debian-gcc, r-devel-linux-x86_64-fedora-clang, r-devel-linux-x86_64-fedora-gcc, r-devel-windows-x86_64, r-patched-linux-x86_64, r-release-linux-x86_64, r-release-macos-arm64, r-release-macos-x86_64, r-release-windows-x86_64, r-oldrel-macos-arm64, r-oldrel-macos-x86_64, r-oldrel-windows-x86_64
Version: 0.1.2
Check: LazyData
Result: NOTE
'LazyData' is specified without a 'data' directory
Flavors: r-patched-linux-x86_64, r-release-linux-x86_64, r-release-macos-arm64, r-release-macos-x86_64, r-release-windows-x86_64, r-oldrel-macos-arm64, r-oldrel-macos-x86_64, r-oldrel-windows-x86_64