Last updated on 2024-12-19 23:50:47 CET.
Flavor | Version | Tinstall | Tcheck | Ttotal | Status | Flags |
---|---|---|---|---|---|---|
r-devel-linux-x86_64-debian-clang | 1.0.2 | 17.70 | 478.98 | 496.68 | NOTE | |
r-devel-linux-x86_64-debian-gcc | 1.0.2 | 12.74 | 302.40 | 315.14 | NOTE | |
r-devel-linux-x86_64-fedora-clang | 1.0.2 | 810.60 | OK | |||
r-devel-linux-x86_64-fedora-gcc | 1.0.2 | 791.51 | OK | |||
r-devel-windows-x86_64 | 1.0.2 | 20.00 | 423.00 | 443.00 | NOTE | |
r-patched-linux-x86_64 | 1.0.2 | 24.83 | 458.58 | 483.41 | OK | |
r-release-linux-x86_64 | 1.0.2 | 16.57 | 459.08 | 475.65 | OK | |
r-release-macos-arm64 | 1.0.2 | 193.00 | OK | |||
r-release-macos-x86_64 | 1.0.2 | 320.00 | OK | |||
r-release-windows-x86_64 | 1.0.2 | 22.00 | 414.00 | 436.00 | OK | |
r-oldrel-macos-arm64 | 1.0.2 | 205.00 | OK | |||
r-oldrel-macos-x86_64 | 1.0.2 | 535.00 | NOTE | |||
r-oldrel-windows-x86_64 | 1.0.2 | 24.00 | 569.00 | 593.00 | OK |
Version: 1.0.2
Check: Rd cross-references
Result: NOTE
Found the following Rd file(s) with Rd \link{} targets missing package
anchors:
predict.SL.glmnet.interaction.Rd: SL.glmnet
Please provide package anchors for all Rd \link{} targets not in the
package itself and the base packages.
Flavors: r-devel-linux-x86_64-debian-clang, r-devel-linux-x86_64-debian-gcc, r-devel-windows-x86_64
Version: 1.0.2
Check: package dependencies
Result: NOTE
Package suggested but not available for checking: ‘ggplot2’
Flavor: r-oldrel-macos-x86_64