CRAN Package Check Results for Package tidytext

Last updated on 2024-12-19 23:50:47 CET.

Flavor Version Tinstall Tcheck Ttotal Status Flags
r-devel-linux-x86_64-debian-clang 0.4.2 9.86 146.32 156.18 NOTE
r-devel-linux-x86_64-debian-gcc 0.4.2 7.61 106.39 114.00 NOTE
r-devel-linux-x86_64-fedora-clang 0.4.2 255.60 OK
r-devel-linux-x86_64-fedora-gcc 0.4.2 254.57 OK
r-devel-windows-x86_64 0.4.2 13.00 160.00 173.00 NOTE
r-patched-linux-x86_64 0.4.2 9.51 138.79 148.30 OK
r-release-linux-x86_64 0.4.2 10.02 138.86 148.88 OK
r-release-macos-arm64 0.4.2 84.00 OK
r-release-macos-x86_64 0.4.2 138.00 OK
r-release-windows-x86_64 0.4.2 14.00 154.00 168.00 OK
r-oldrel-macos-arm64 0.4.2 89.00 OK
r-oldrel-macos-x86_64 0.4.2 184.00 OK
r-oldrel-windows-x86_64 0.4.2 16.00 186.00 202.00 OK

Check Details

Version: 0.4.2
Check: Rd cross-references
Result: NOTE Found the following Rd file(s) with Rd \link{} targets missing package anchors: cast_sparse.Rd: sparseMatrix document_term_casters.Rd: sparseMatrix Please provide package anchors for all Rd \link{} targets not in the package itself and the base packages. Flavors: r-devel-linux-x86_64-debian-clang, r-devel-linux-x86_64-debian-gcc, r-devel-windows-x86_64