Last updated on 2024-12-19 23:50:47 CET.
Flavor | Version | Tinstall | Tcheck | Ttotal | Status | Flags |
---|---|---|---|---|---|---|
r-devel-linux-x86_64-debian-clang | 0.30.2 | 128.54 | 170.69 | 299.23 | OK | |
r-devel-linux-x86_64-debian-gcc | 0.30.2 | 103.05 | 98.32 | 201.37 | OK | |
r-devel-linux-x86_64-fedora-clang | 0.30.2 | 499.97 | OK | |||
r-devel-linux-x86_64-fedora-gcc | 0.30.2 | 594.19 | OK | |||
r-devel-windows-x86_64 | 0.30.2 | 145.00 | 393.00 | 538.00 | OK | |
r-patched-linux-x86_64 | 0.30.2 | 151.75 | 164.34 | 316.09 | OK | |
r-release-linux-x86_64 | 0.30.2 | 143.17 | 165.42 | 308.59 | OK | |
r-release-macos-arm64 | 0.30.2 | 147.00 | NOTE | |||
r-release-macos-x86_64 | 0.30.2 | 265.00 | NOTE | |||
r-release-windows-x86_64 | 0.30.2 | 143.00 | 385.00 | 528.00 | NOTE | |
r-oldrel-macos-arm64 | 0.30.2 | 145.00 | NOTE | |||
r-oldrel-macos-x86_64 | 0.30.2 | 250.00 | NOTE | |||
r-oldrel-windows-x86_64 | 0.30.2 | 174.00 | 444.00 | 618.00 | NOTE |
Version: 0.30.2
Check: installed package size
Result: NOTE
installed size is 55.9Mb
sub-directories of 1Mb or more:
libs 16.2Mb
tiledb 37.1Mb
Flavors: r-release-macos-arm64, r-release-macos-x86_64, r-release-windows-x86_64, r-oldrel-macos-arm64, r-oldrel-macos-x86_64, r-oldrel-windows-x86_64