Last updated on 2024-12-19 23:50:47 CET.
Flavor | Version | Tinstall | Tcheck | Ttotal | Status | Flags |
---|---|---|---|---|---|---|
r-devel-linux-x86_64-debian-clang | 0.1.1 | 4.98 | 45.64 | 50.62 | OK | |
r-devel-linux-x86_64-debian-gcc | 0.1.1 | 3.57 | 32.96 | 36.53 | OK | |
r-devel-linux-x86_64-fedora-clang | 0.1.1 | 82.21 | NOTE | |||
r-devel-linux-x86_64-fedora-gcc | 0.1.1 | 75.35 | NOTE | |||
r-devel-windows-x86_64 | 0.1.1 | 6.00 | 63.00 | 69.00 | OK | |
r-patched-linux-x86_64 | 0.1.1 | 5.31 | 43.73 | 49.04 | OK | |
r-release-linux-x86_64 | 0.1.1 | 4.98 | 43.37 | 48.35 | OK | |
r-release-macos-arm64 | 0.1.1 | 26.00 | OK | |||
r-release-macos-x86_64 | 0.1.1 | 38.00 | OK | |||
r-release-windows-x86_64 | 0.1.1 | 7.00 | 75.00 | 82.00 | OK | |
r-oldrel-macos-arm64 | 0.1.1 | 29.00 | OK | |||
r-oldrel-macos-x86_64 | 0.1.1 | 40.00 | OK | |||
r-oldrel-windows-x86_64 | 0.1.1 | 7.00 | 73.00 | 80.00 | OK |
Version: 0.1.1
Check: dependencies in R code
Result: NOTE
Namespace in Imports field not imported from: ‘base’
All declared Imports should be used.
Flavors: r-devel-linux-x86_64-fedora-clang, r-devel-linux-x86_64-fedora-gcc