CRAN Package Check Results for Package tmpm

Last updated on 2024-12-19 23:50:47 CET.

Flavor Version Tinstall Tcheck Ttotal Status Flags
r-devel-linux-x86_64-debian-clang 1.0.3 3.35 26.67 30.02 OK
r-devel-linux-x86_64-debian-gcc 1.0.3 2.44 20.56 23.00 OK
r-devel-linux-x86_64-fedora-clang 1.0.3 47.70 OK
r-devel-linux-x86_64-fedora-gcc 1.0.3 44.77 OK
r-devel-windows-x86_64 1.0.3 5.00 48.00 53.00 OK
r-patched-linux-x86_64 1.0.3 2.76 26.43 29.19 NOTE
r-release-linux-x86_64 1.0.3 2.63 25.56 28.19 NOTE
r-release-macos-arm64 1.0.3 18.00 NOTE
r-release-macos-x86_64 1.0.3 27.00 NOTE
r-release-windows-x86_64 1.0.3 5.00 58.00 63.00 NOTE
r-oldrel-macos-arm64 1.0.3 19.00 NOTE
r-oldrel-macos-x86_64 1.0.3 26.00 NOTE
r-oldrel-windows-x86_64 1.0.3 5.00 50.00 55.00 NOTE

Check Details

Version: 1.0.3
Check: LazyData
Result: NOTE 'LazyData' is specified without a 'data' directory Flavors: r-patched-linux-x86_64, r-release-linux-x86_64, r-release-macos-arm64, r-release-macos-x86_64, r-release-windows-x86_64, r-oldrel-macos-arm64, r-oldrel-macos-x86_64, r-oldrel-windows-x86_64