Last updated on 2024-12-19 23:50:48 CET.
Flavor | Version | Tinstall | Tcheck | Ttotal | Status | Flags |
---|---|---|---|---|---|---|
r-devel-linux-x86_64-debian-clang | 0.1.0 | 30.23 | 30.12 | 60.35 | OK | |
r-devel-linux-x86_64-debian-gcc | 0.1.0 | 21.34 | 23.36 | 44.70 | OK | |
r-devel-linux-x86_64-fedora-clang | 0.1.0 | 116.83 | OK | |||
r-devel-linux-x86_64-fedora-gcc | 0.1.0 | 114.95 | OK | |||
r-devel-windows-x86_64 | 0.1.0 | 34.00 | 69.00 | 103.00 | OK | |
r-patched-linux-x86_64 | 0.1.0 | 29.50 | 30.15 | 59.65 | OK | |
r-release-linux-x86_64 | 0.1.0 | 31.04 | 30.18 | 61.22 | OK | |
r-release-macos-arm64 | 0.1.0 | 34.00 | NOTE | |||
r-release-macos-x86_64 | 0.1.0 | 41.00 | NOTE | |||
r-release-windows-x86_64 | 0.1.0 | 34.00 | 81.00 | 115.00 | OK | |
r-oldrel-macos-arm64 | 0.1.0 | 39.00 | NOTE | |||
r-oldrel-macos-x86_64 | 0.1.0 | 57.00 | NOTE | |||
r-oldrel-windows-x86_64 | 0.1.0 | 41.00 | 78.00 | 119.00 | OK |
Version: 0.1.0
Check: installed package size
Result: NOTE
installed size is 7.9Mb
sub-directories of 1Mb or more:
libs 7.8Mb
Flavors: r-release-macos-arm64, r-release-macos-x86_64, r-oldrel-macos-arm64, r-oldrel-macos-x86_64