CRAN Package Check Results for Package transport

Last updated on 2024-12-19 23:50:48 CET.

Flavor Version Tinstall Tcheck Ttotal Status Flags
r-devel-linux-x86_64-debian-clang 0.15-4 66.79 62.43 129.22 OK
r-devel-linux-x86_64-debian-gcc 0.15-4 48.39 46.17 94.56 OK
r-devel-linux-x86_64-fedora-clang 0.15-4 264.31 OK
r-devel-linux-x86_64-fedora-gcc 0.15-4 240.03 OK
r-devel-windows-x86_64 0.15-4 78.00 116.00 194.00 OK
r-patched-linux-x86_64 0.15-4 69.49 62.08 131.57 OK
r-release-linux-x86_64 0.15-4 71.20 62.29 133.49 OK
r-release-macos-arm64 0.15-4 71.00 NOTE
r-release-macos-x86_64 0.15-4 114.00 NOTE
r-release-windows-x86_64 0.15-4 78.00 112.00 190.00 OK
r-oldrel-macos-arm64 0.15-4 74.00 NOTE
r-oldrel-macos-x86_64 0.15-4 84.00 NOTE
r-oldrel-windows-x86_64 0.15-4 89.00 133.00 222.00 OK

Check Details

Version: 0.15-4
Check: installed package size
Result: NOTE installed size is 8.8Mb sub-directories of 1Mb or more: libs 8.2Mb Flavors: r-release-macos-arm64, r-release-macos-x86_64, r-oldrel-macos-arm64, r-oldrel-macos-x86_64