CRAN Package Check Results for Package tree.interpreter

Last updated on 2024-12-19 23:50:48 CET.

Flavor Version Tinstall Tcheck Ttotal Status Flags
r-devel-linux-x86_64-debian-clang 0.1.1 23.79 45.11 68.90 NOTE
r-devel-linux-x86_64-debian-gcc 0.1.1 18.02 32.20 50.22 NOTE
r-devel-linux-x86_64-fedora-clang 0.1.1 128.58 NOTE
r-devel-linux-x86_64-fedora-gcc 0.1.1 144.57 NOTE
r-devel-windows-x86_64 0.1.1 29.00 88.00 117.00 NOTE
r-patched-linux-x86_64 0.1.1 24.90 43.65 68.55 NOTE
r-release-linux-x86_64 0.1.1 26.31 42.88 69.19 NOTE
r-release-macos-arm64 0.1.1 40.00 NOTE
r-release-macos-x86_64 0.1.1 56.00 NOTE
r-release-windows-x86_64 0.1.1 28.00 84.00 112.00 NOTE
r-oldrel-macos-arm64 0.1.1 48.00 NOTE
r-oldrel-macos-x86_64 0.1.1 77.00 NOTE
r-oldrel-windows-x86_64 0.1.1 33.00 96.00 129.00 NOTE

Check Details

Version: 0.1.1
Check: C++ specification
Result: NOTE Specified C++11: please drop specification unless essential Flavors: r-devel-linux-x86_64-debian-clang, r-devel-linux-x86_64-debian-gcc, r-devel-linux-x86_64-fedora-clang, r-devel-linux-x86_64-fedora-gcc, r-devel-windows-x86_64, r-patched-linux-x86_64, r-release-linux-x86_64, r-release-macos-arm64, r-release-macos-x86_64, r-release-windows-x86_64, r-oldrel-macos-arm64, r-oldrel-macos-x86_64, r-oldrel-windows-x86_64