Last updated on 2024-12-19 23:50:48 CET.
Flavor | Version | Tinstall | Tcheck | Ttotal | Status | Flags |
---|---|---|---|---|---|---|
r-devel-linux-x86_64-debian-clang | 1.0.2 | 4.75 | 103.23 | 107.98 | OK | |
r-devel-linux-x86_64-debian-gcc | 1.0.2 | 2.90 | 75.32 | 78.22 | OK | |
r-devel-linux-x86_64-fedora-clang | 1.0.2 | 178.51 | OK | |||
r-devel-linux-x86_64-fedora-gcc | 1.0.2 | 183.67 | OK | |||
r-devel-windows-x86_64 | 1.0.2 | 7.00 | 120.00 | 127.00 | OK | |
r-patched-linux-x86_64 | 1.0.2 | 4.81 | 101.21 | 106.02 | OK | |
r-release-linux-x86_64 | 1.0.2 | 4.45 | 100.54 | 104.99 | OK | |
r-release-macos-arm64 | 1.0.2 | 71.00 | OK | |||
r-release-macos-x86_64 | 1.0.2 | 111.00 | OK | |||
r-release-windows-x86_64 | 1.0.2 | 7.00 | 118.00 | 125.00 | OK | |
r-oldrel-macos-arm64 | 1.0.2 | 193.00 | OK | |||
r-oldrel-macos-x86_64 | 1.0.2 | 115.00 | NOTE | |||
r-oldrel-windows-x86_64 | 1.0.2 | 9.00 | 146.00 | 155.00 | OK |
Version: 1.0.2
Check: package dependencies
Result: NOTE
Package suggested but not available for checking: ‘Seurat’
Flavor: r-oldrel-macos-x86_64