CRAN Package Check Results for Package trimmer

Last updated on 2024-12-19 23:50:48 CET.

Flavor Version Tinstall Tcheck Ttotal Status Flags
r-devel-linux-x86_64-debian-clang 0.8.1 3.65 36.59 40.24 OK
r-devel-linux-x86_64-debian-gcc 0.8.1 2.54 29.42 31.96 OK
r-devel-linux-x86_64-fedora-clang 0.8.1 67.75 OK
r-devel-linux-x86_64-fedora-gcc 0.8.1 74.78 OK
r-devel-windows-x86_64 0.8.1 5.00 58.00 63.00 OK
r-patched-linux-x86_64 0.8.1 3.79 35.22 39.01 NOTE
r-release-linux-x86_64 0.8.1 3.62 34.81 38.43 NOTE
r-release-macos-arm64 0.8.1 28.00 NOTE
r-release-macos-x86_64 0.8.1 50.00 NOTE
r-release-windows-x86_64 0.8.1 6.00 56.00 62.00 NOTE
r-oldrel-macos-arm64 0.8.1 30.00 NOTE
r-oldrel-macos-x86_64 0.8.1 39.00 NOTE
r-oldrel-windows-x86_64 0.8.1 5.00 63.00 68.00 NOTE

Check Details

Version: 0.8.1
Check: LazyData
Result: NOTE 'LazyData' is specified without a 'data' directory Flavors: r-patched-linux-x86_64, r-release-linux-x86_64, r-release-macos-arm64, r-release-macos-x86_64, r-release-windows-x86_64, r-oldrel-macos-arm64, r-oldrel-macos-x86_64, r-oldrel-windows-x86_64