CRAN Package Check Results for Package triplot

Last updated on 2024-12-19 23:50:48 CET.

Flavor Version Tinstall Tcheck Ttotal Status Flags
r-devel-linux-x86_64-debian-clang 1.3.0 8.11 97.58 105.69 OK
r-devel-linux-x86_64-debian-gcc 1.3.0 5.61 70.65 76.26 OK
r-devel-linux-x86_64-fedora-clang 1.3.0 172.82 OK
r-devel-linux-x86_64-fedora-gcc 1.3.0 164.48 OK
r-devel-windows-x86_64 1.3.0 13.00 107.00 120.00 OK
r-patched-linux-x86_64 1.3.0 8.16 93.40 101.56 NOTE
r-release-linux-x86_64 1.3.0 9.19 92.48 101.67 NOTE
r-release-macos-arm64 1.3.0 53.00 NOTE
r-release-macos-x86_64 1.3.0 78.00 NOTE
r-release-windows-x86_64 1.3.0 10.00 107.00 117.00 NOTE
r-oldrel-macos-arm64 1.3.0 52.00 NOTE
r-oldrel-macos-x86_64 1.3.0 88.00 NOTE
r-oldrel-windows-x86_64 1.3.0 15.00 130.00 145.00 NOTE

Check Details

Version: 1.3.0
Check: LazyData
Result: NOTE 'LazyData' is specified without a 'data' directory Flavors: r-patched-linux-x86_64, r-release-linux-x86_64, r-release-macos-arm64, r-release-macos-x86_64, r-release-windows-x86_64, r-oldrel-macos-arm64, r-oldrel-macos-x86_64, r-oldrel-windows-x86_64