CRAN Package Check Results for Package trustOptim

Last updated on 2024-12-19 23:50:48 CET.

Flavor Version Tinstall Tcheck Ttotal Status Flags
r-devel-linux-x86_64-debian-clang 0.8.7.3 32.26 59.64 91.90 NOTE
r-devel-linux-x86_64-debian-gcc 0.8.7.3 26.86 48.78 75.64 NOTE
r-devel-linux-x86_64-fedora-clang 0.8.7.3 153.97 NOTE
r-devel-linux-x86_64-fedora-gcc 0.8.7.3 198.91 NOTE
r-devel-windows-x86_64 0.8.7.3 34.00 97.00 131.00 NOTE
r-patched-linux-x86_64 0.8.7.3 36.10 59.11 95.21 NOTE
r-release-linux-x86_64 0.8.7.3 38.81 58.62 97.43 NOTE
r-release-macos-arm64 0.8.7.3 54.00 NOTE
r-release-macos-x86_64 0.8.7.3 105.00 NOTE
r-release-windows-x86_64 0.8.7.3 35.00 98.00 133.00 NOTE
r-oldrel-macos-arm64 0.8.7.3 68.00 NOTE
r-oldrel-macos-x86_64 0.8.7.3 100.00 NOTE
r-oldrel-windows-x86_64 0.8.7.3 41.00 114.00 155.00 NOTE

Check Details

Version: 0.8.7.3
Check: C++ specification
Result: NOTE Specified C++11: please drop specification unless essential Flavors: r-devel-linux-x86_64-debian-clang, r-devel-linux-x86_64-debian-gcc, r-devel-linux-x86_64-fedora-clang, r-devel-linux-x86_64-fedora-gcc, r-devel-windows-x86_64, r-patched-linux-x86_64, r-release-linux-x86_64, r-release-macos-arm64, r-release-macos-x86_64, r-release-windows-x86_64, r-oldrel-macos-arm64, r-oldrel-macos-x86_64, r-oldrel-windows-x86_64

Version: 0.8.7.3
Check: installed package size
Result: NOTE installed size is 8.4Mb sub-directories of 1Mb or more: libs 8.1Mb Flavors: r-release-macos-arm64, r-release-macos-x86_64, r-oldrel-macos-arm64, r-oldrel-macos-x86_64