CRAN Package Check Results for Package tsBSS

Last updated on 2024-12-19 23:50:48 CET.

Flavor Version Tinstall Tcheck Ttotal Status Flags
r-devel-linux-x86_64-debian-clang 1.0.0 29.38 125.80 155.18 NOTE
r-devel-linux-x86_64-debian-gcc 1.0.0 23.90 88.57 112.47 NOTE
r-devel-linux-x86_64-fedora-clang 1.0.0 269.86 NOTE
r-devel-linux-x86_64-fedora-gcc 1.0.0 228.91 NOTE
r-devel-windows-x86_64 1.0.0 33.00 153.00 186.00 NOTE
r-patched-linux-x86_64 1.0.0 34.20 116.97 151.17 NOTE
r-release-linux-x86_64 1.0.0 32.24 114.99 147.23 NOTE
r-release-macos-arm64 1.0.0 65.00 NOTE
r-release-macos-x86_64 1.0.0 102.00 NOTE
r-release-windows-x86_64 1.0.0 33.00 148.00 181.00 NOTE
r-oldrel-macos-arm64 1.0.0 79.00 OK
r-oldrel-macos-x86_64 1.0.0 127.00 OK
r-oldrel-windows-x86_64 1.0.0 46.00 183.00 229.00 OK

Check Details

Version: 1.0.0
Check: Rd files
Result: NOTE checkRd: (-1) tsBSS-package.Rd:23: Lost braces in \itemize; meant \describe ? checkRd: (-1) tsBSS-package.Rd:24: Lost braces in \itemize; meant \describe ? checkRd: (-1) tsBSS-package.Rd:25: Lost braces in \itemize; meant \describe ? checkRd: (-1) tsBSS-package.Rd:26: Lost braces in \itemize; meant \describe ? checkRd: (-1) tsBSS-package.Rd:27: Lost braces in \itemize; meant \describe ? checkRd: (-1) tsBSS-package.Rd:28: Lost braces in \itemize; meant \describe ? checkRd: (-1) tsBSS-package.Rd:34: Lost braces in \itemize; meant \describe ? Flavors: r-devel-linux-x86_64-debian-clang, r-devel-linux-x86_64-debian-gcc, r-devel-linux-x86_64-fedora-clang, r-devel-linux-x86_64-fedora-gcc, r-devel-windows-x86_64, r-patched-linux-x86_64, r-release-linux-x86_64, r-release-macos-arm64, r-release-macos-x86_64, r-release-windows-x86_64