CRAN Package Check Results for Package tsibbletalk

Last updated on 2024-12-19 23:50:48 CET.

Flavor Version Tinstall Tcheck Ttotal Status Flags
r-devel-linux-x86_64-debian-clang 0.1.0 8.34 63.22 71.56 OK
r-devel-linux-x86_64-debian-gcc 0.1.0 7.55 46.27 53.82 OK
r-devel-linux-x86_64-fedora-clang 0.1.0 121.42 NOTE
r-devel-linux-x86_64-fedora-gcc 0.1.0 109.31 NOTE
r-devel-windows-x86_64 0.1.0 10.00 83.00 93.00 OK
r-patched-linux-x86_64 0.1.0 9.54 60.02 69.56 OK
r-release-linux-x86_64 0.1.0 10.01 59.73 69.74 OK
r-release-macos-arm64 0.1.0 36.00 OK
r-release-macos-x86_64 0.1.0 71.00 OK
r-release-windows-x86_64 0.1.0 10.00 79.00 89.00 OK
r-oldrel-macos-arm64 0.1.0 38.00 OK
r-oldrel-macos-x86_64 0.1.0 58.00 OK
r-oldrel-windows-x86_64 0.1.0 14.00 90.00 104.00 OK

Check Details

Version: 0.1.0
Check: dependencies in R code
Result: NOTE Namespaces in Imports field not imported from: ‘R6’ ‘crosstalk’ All declared Imports should be used. Flavors: r-devel-linux-x86_64-fedora-clang, r-devel-linux-x86_64-fedora-gcc