Last updated on 2024-12-19 23:50:48 CET.
Flavor | Version | Tinstall | Tcheck | Ttotal | Status | Flags |
---|---|---|---|---|---|---|
r-devel-linux-x86_64-debian-clang | 0.3-1 | 54.64 | 80.99 | 135.63 | NOTE | |
r-devel-linux-x86_64-debian-gcc | 0.3-1 | 42.23 | 59.67 | 101.90 | NOTE | |
r-devel-linux-x86_64-fedora-clang | 0.3-1 | 237.03 | OK | |||
r-devel-linux-x86_64-fedora-gcc | 0.3-1 | 242.13 | OK | |||
r-devel-windows-x86_64 | 0.3-1 | 58.00 | 117.00 | 175.00 | NOTE | |
r-patched-linux-x86_64 | 0.3-1 | 65.12 | 77.70 | 142.82 | OK | |
r-release-linux-x86_64 | 0.3-1 | 57.60 | 77.42 | 135.02 | OK | |
r-release-macos-arm64 | 0.3-1 | 79.00 | OK | |||
r-release-macos-x86_64 | 0.3-1 | 85.00 | OK | |||
r-release-windows-x86_64 | 0.3-1 | 56.00 | 125.00 | 181.00 | OK | |
r-oldrel-macos-arm64 | 0.3-1 | 79.00 | OK | |||
r-oldrel-macos-x86_64 | 0.3-1 | 122.00 | OK | |||
r-oldrel-windows-x86_64 | 0.3-1 | 76.00 | 139.00 | 215.00 | OK |
Version: 0.3-1
Check: Rd cross-references
Result: NOTE
Found the following Rd file(s) with Rd \link{} targets missing package
anchors:
plotmatch.Rd: ppp
sumppdist.Rd: ppp, solist
Please provide package anchors for all Rd \link{} targets not in the
package itself and the base packages.
Flavors: r-devel-linux-x86_64-debian-clang, r-devel-linux-x86_64-debian-gcc, r-devel-windows-x86_64