CRAN Package Check Results for Package tugboat

Last updated on 2024-12-19 23:50:48 CET.

Flavor Version Tinstall Tcheck Ttotal Status Flags
r-devel-linux-x86_64-debian-clang 0.1.0 0.27 1.65 1.92 ERROR
r-devel-linux-x86_64-debian-gcc 0.1.1 1.35 16.61 17.96 OK
r-devel-linux-x86_64-fedora-clang 0.1.1 36.83 OK
r-devel-linux-x86_64-fedora-gcc 0.1.1 33.87 OK
r-devel-windows-x86_64 0.1.1 3.00 51.00 54.00 OK
r-patched-linux-x86_64 0.1.0 1.80 19.37 21.17 OK
r-release-linux-x86_64 0.1.1 1.71 19.15 20.86 OK
r-release-macos-arm64 0.1.1 22.00 OK
r-release-macos-x86_64 0.1.1 30.00 OK
r-release-windows-x86_64 0.1.0 4.00 68.00 72.00 OK
r-oldrel-macos-arm64 0.1.1 20.00 OK
r-oldrel-macos-x86_64 0.1.1 32.00 OK
r-oldrel-windows-x86_64 0.1.0 4.00 51.00 55.00 OK

Check Details

Version: 0.1.0
Check: package dependencies
Result: ERROR Package required but not available: ‘dockerfiler’ See section ‘The DESCRIPTION file’ in the ‘Writing R Extensions’ manual. Flavor: r-devel-linux-x86_64-debian-clang