Last updated on 2024-12-19 23:50:48 CET.
Flavor | Version | Tinstall | Tcheck | Ttotal | Status | Flags |
---|---|---|---|---|---|---|
r-devel-linux-x86_64-debian-clang | 0.3.2 | 41.37 | 70.33 | 111.70 | NOTE | |
r-devel-linux-x86_64-debian-gcc | 0.3.2 | 26.98 | 55.23 | 82.21 | NOTE | |
r-devel-linux-x86_64-fedora-clang | 0.3.2 | 196.64 | NOTE | |||
r-devel-linux-x86_64-fedora-gcc | 0.3.2 | 204.60 | NOTE | |||
r-devel-windows-x86_64 | 0.3.2 | 43.00 | 122.00 | 165.00 | NOTE | |
r-patched-linux-x86_64 | 0.3.2 | 39.27 | 66.78 | 106.05 | NOTE | |
r-release-linux-x86_64 | 0.3.2 | 38.32 | 67.64 | 105.96 | NOTE | |
r-release-macos-arm64 | 0.3.2 | 55.00 | NOTE | |||
r-release-macos-x86_64 | 0.3.2 | 76.00 | NOTE | |||
r-release-windows-x86_64 | 0.3.2 | 45.00 | 115.00 | 160.00 | NOTE | |
r-oldrel-macos-arm64 | 0.3.2 | 62.00 | NOTE | |||
r-oldrel-macos-x86_64 | 0.3.2 | 102.00 | NOTE | |||
r-oldrel-windows-x86_64 | 0.3.2 | 54.00 | 133.00 | 187.00 | NOTE |
Version: 0.3.2
Check: C++ specification
Result: NOTE
Specified C++11: please drop specification unless essential
Flavors: r-devel-linux-x86_64-debian-clang, r-devel-linux-x86_64-debian-gcc, r-devel-linux-x86_64-fedora-clang, r-devel-linux-x86_64-fedora-gcc, r-devel-windows-x86_64, r-patched-linux-x86_64, r-release-linux-x86_64, r-release-macos-arm64, r-release-macos-x86_64, r-release-windows-x86_64, r-oldrel-macos-arm64, r-oldrel-macos-x86_64, r-oldrel-windows-x86_64