CRAN Package Check Results for Package ubiquity

Last updated on 2024-12-19 23:50:48 CET.

Flavor Version Tinstall Tcheck Ttotal Status Flags
r-devel-linux-x86_64-debian-clang 2.0.3 15.62 132.90 148.52 OK
r-devel-linux-x86_64-debian-gcc 2.0.3 10.85 95.25 106.10 OK
r-devel-linux-x86_64-fedora-clang 2.0.3 245.99 OK
r-devel-linux-x86_64-fedora-gcc 2.0.3 258.90 OK
r-devel-windows-x86_64 2.0.3 23.00 166.00 189.00 OK
r-patched-linux-x86_64 2.0.3 17.63 125.13 142.76 OK
r-release-linux-x86_64 2.0.3 17.26 124.64 141.90 OK
r-release-macos-arm64 2.0.3 83.00 NOTE
r-release-macos-x86_64 2.0.3 135.00 NOTE
r-release-windows-x86_64 2.0.3 24.00 162.00 186.00 NOTE
r-oldrel-macos-arm64 2.0.3 85.00 NOTE
r-oldrel-macos-x86_64 2.0.3 227.00 NOTE
r-oldrel-windows-x86_64 2.0.3 25.00 183.00 208.00 NOTE

Check Details

Version: 2.0.3
Check: installed package size
Result: NOTE installed size is 7.2Mb sub-directories of 1Mb or more: doc 4.5Mb ubinc 2.0Mb Flavors: r-release-macos-arm64, r-release-macos-x86_64, r-release-windows-x86_64, r-oldrel-macos-arm64, r-oldrel-macos-x86_64, r-oldrel-windows-x86_64