Last updated on 2024-12-19 23:50:48 CET.
Flavor | Version | Tinstall | Tcheck | Ttotal | Status | Flags |
---|---|---|---|---|---|---|
r-devel-linux-x86_64-debian-clang | 1.4.3 | 368.70 | 251.39 | 620.09 | OK | |
r-devel-linux-x86_64-debian-gcc | 1.4.3 | 272.07 | 187.54 | 459.61 | OK | |
r-devel-linux-x86_64-fedora-clang | 1.4.3 | 1128.40 | OK | |||
r-devel-linux-x86_64-fedora-gcc | 1.4.3 | 1249.01 | OK | |||
r-devel-windows-x86_64 | 1.4.3 | 360.00 | 320.00 | 680.00 | OK | |
r-patched-linux-x86_64 | 1.4.3 | 387.73 | 304.02 | 691.75 | NOTE | |
r-release-linux-x86_64 | 1.4.3 | 370.94 | 318.21 | 689.15 | NOTE | |
r-release-macos-arm64 | 1.4.3 | 247.00 | NOTE | |||
r-release-macos-x86_64 | 1.4.3 | 549.00 | NOTE | |||
r-release-windows-x86_64 | 1.4.3 | 362.00 | 317.00 | 679.00 | NOTE | |
r-oldrel-macos-arm64 | 1.4.3 | 313.00 | NOTE | |||
r-oldrel-macos-x86_64 | 1.4.3 | 509.00 | NOTE | |||
r-oldrel-windows-x86_64 | 1.4.3 | 443.00 | 389.00 | 832.00 | NOTE |
Version: 1.4.3
Check: for GNU extensions in Makefiles
Result: NOTE
GNU make is a SystemRequirements.
Flavors: r-patched-linux-x86_64, r-release-linux-x86_64, r-release-macos-arm64, r-release-macos-x86_64, r-release-windows-x86_64, r-oldrel-macos-arm64, r-oldrel-macos-x86_64, r-oldrel-windows-x86_64
Version: 1.4.3
Check: installed package size
Result: NOTE
installed size is 65.8Mb
sub-directories of 1Mb or more:
R 2.0Mb
doc 1.1Mb
libs 61.7Mb
Flavors: r-release-macos-arm64, r-release-macos-x86_64, r-release-windows-x86_64, r-oldrel-macos-arm64, r-oldrel-macos-x86_64, r-oldrel-windows-x86_64