CRAN Package Check Results for Package urlchecker

Last updated on 2024-12-19 23:50:48 CET.

Flavor Version Tinstall Tcheck Ttotal Status Flags
r-devel-linux-x86_64-debian-clang 1.0.1 1.75 17.39 19.14 OK
r-devel-linux-x86_64-debian-gcc 1.0.1 1.42 14.48 15.90 OK
r-devel-linux-x86_64-fedora-clang 1.0.1 30.89 NOTE
r-devel-linux-x86_64-fedora-gcc 1.0.1 29.42 NOTE
r-devel-windows-x86_64 1.0.1 4.00 48.00 52.00 OK
r-patched-linux-x86_64 1.0.1 1.77 16.42 18.19 OK
r-release-linux-x86_64 1.0.1 1.56 16.72 18.28 OK
r-release-macos-arm64 1.0.1 14.00 OK
r-release-macos-x86_64 1.0.1 19.00 OK
r-release-windows-x86_64 1.0.1 3.00 47.00 50.00 OK
r-oldrel-macos-arm64 1.0.1 15.00 OK
r-oldrel-macos-x86_64 1.0.1 19.00 OK
r-oldrel-windows-x86_64 1.0.1 3.00 42.00 45.00 OK

Check Details

Version: 1.0.1
Check: dependencies in R code
Result: NOTE Namespace in Imports field not imported from: ‘xml2’ All declared Imports should be used. Flavors: r-devel-linux-x86_64-fedora-clang, r-devel-linux-x86_64-fedora-gcc