CRAN Package Check Results for Package usfertilizer

Last updated on 2024-12-19 23:50:48 CET.

Flavor Version Tinstall Tcheck Ttotal Status Flags
r-devel-linux-x86_64-debian-clang 0.1.5 1.96 47.16 49.12 OK
r-devel-linux-x86_64-debian-gcc 0.1.5 1.64 33.58 35.22 OK
r-devel-linux-x86_64-fedora-clang 0.1.5 72.83 NOTE
r-devel-linux-x86_64-fedora-gcc 0.1.5 83.26 NOTE
r-devel-windows-x86_64 0.1.5 4.00 65.00 69.00 OK
r-patched-linux-x86_64 0.1.5 2.16 45.04 47.20 OK
r-release-linux-x86_64 0.1.5 1.94 46.04 47.98 OK
r-release-macos-arm64 0.1.5 39.00 OK
r-release-macos-x86_64 0.1.5 52.00 OK
r-release-windows-x86_64 0.1.5 4.00 64.00 68.00 OK
r-oldrel-macos-arm64 0.1.5 36.00 OK
r-oldrel-macos-x86_64 0.1.5 56.00 OK
r-oldrel-windows-x86_64 0.1.5 4.00 69.00 73.00 OK

Check Details

Version: 0.1.5
Check: dependencies in R code
Result: NOTE Namespace in Imports field not imported from: ‘tidyverse’ All declared Imports should be used. Flavors: r-devel-linux-x86_64-fedora-clang, r-devel-linux-x86_64-fedora-gcc