Last updated on 2024-12-19 23:50:48 CET.
Flavor | Version | Tinstall | Tcheck | Ttotal | Status | Flags |
---|---|---|---|---|---|---|
r-devel-linux-x86_64-debian-clang | 0.10.0 | 72.37 | 54.59 | 126.96 | OK | |
r-devel-linux-x86_64-debian-gcc | 0.10.0 | 57.34 | 42.50 | 99.84 | OK | |
r-devel-linux-x86_64-fedora-clang | 0.10.0 | 229.06 | OK | |||
r-devel-linux-x86_64-fedora-gcc | 0.10.0 | 263.44 | OK | |||
r-devel-windows-x86_64 | 0.10.0 | 98.00 | 559.00 | 657.00 | OK | |
r-patched-linux-x86_64 | 0.10.0 | 80.73 | 52.18 | 132.91 | OK | |
r-release-linux-x86_64 | 0.10.0 | 80.07 | 52.36 | 132.43 | OK | |
r-release-macos-arm64 | 0.10.0 | 129.00 | NOTE | |||
r-release-macos-x86_64 | 0.10.0 | 243.00 | NOTE | |||
r-release-windows-x86_64 | 0.10.0 | 99.00 | 571.00 | 670.00 | NOTE | |
r-oldrel-macos-arm64 | 0.10.0 | 109.00 | NOTE | |||
r-oldrel-macos-x86_64 | 0.10.0 | 219.00 | NOTE | |||
r-oldrel-windows-x86_64 | 0.10.0 | 107.00 | 704.00 | 811.00 | NOTE |
Version: 0.10.0
Check: installed package size
Result: NOTE
installed size is 250.9Mb
sub-directories of 1Mb or more:
extdata 2.8Mb
libs 246.7Mb
Flavors: r-release-macos-arm64, r-release-macos-x86_64, r-release-windows-x86_64, r-oldrel-macos-arm64, r-oldrel-macos-x86_64, r-oldrel-windows-x86_64