CRAN Package Check Results for Package vcdExtra

Last updated on 2024-12-19 23:50:48 CET.

Flavor Version Tinstall Tcheck Ttotal Status Flags
r-devel-linux-x86_64-debian-clang 0.8-5 10.58 190.57 201.15 NOTE
r-devel-linux-x86_64-debian-gcc 0.8-5 8.14 136.75 144.89 NOTE
r-devel-linux-x86_64-fedora-clang 0.8-5 322.47 NOTE
r-devel-linux-x86_64-fedora-gcc 0.8-5 324.88 NOTE
r-devel-windows-x86_64 0.8-5 14.00 284.00 298.00 NOTE
r-patched-linux-x86_64 0.8-5 18.56 180.93 199.49 NOTE
r-release-linux-x86_64 0.8-5 11.24 180.78 192.02 NOTE
r-release-macos-arm64 0.8-5 106.00 NOTE
r-release-macos-x86_64 0.8-5 146.00 NOTE
r-release-windows-x86_64 0.8-5 14.00 206.00 220.00 NOTE
r-oldrel-macos-arm64 0.8-5 91.00 OK
r-oldrel-macos-x86_64 0.8-5 178.00 OK
r-oldrel-windows-x86_64 0.8-5 18.00 255.00 273.00 OK

Check Details

Version: 0.8-5
Check: Rd files
Result: NOTE checkRd: (-1) datasets.Rd:15: Lost braces 15 | and dimension information (\code{dim} or code{length}) of each item, | ^ Flavors: r-devel-linux-x86_64-debian-clang, r-devel-linux-x86_64-debian-gcc, r-devel-linux-x86_64-fedora-clang, r-devel-linux-x86_64-fedora-gcc, r-devel-windows-x86_64, r-patched-linux-x86_64, r-release-linux-x86_64, r-release-macos-arm64, r-release-macos-x86_64, r-release-windows-x86_64

Version: 0.8-5
Check: Rd cross-references
Result: NOTE Found the following Rd file(s) with Rd \link{} targets missing package anchors: mcaplot.Rd: multilines Please provide package anchors for all Rd \link{} targets not in the package itself and the base packages. Flavors: r-devel-linux-x86_64-debian-clang, r-devel-linux-x86_64-debian-gcc, r-devel-windows-x86_64