CRAN Package Check Results for Package vein

Last updated on 2024-12-19 23:50:48 CET.

Flavor Version Tinstall Tcheck Ttotal Status Flags
r-devel-linux-x86_64-debian-clang 1.1.3 25.54 198.59 224.13 OK
r-devel-linux-x86_64-debian-gcc 1.1.3 17.63 132.48 150.11 OK
r-devel-linux-x86_64-fedora-clang 1.1.3 370.50 OK
r-devel-linux-x86_64-fedora-gcc 1.1.3 360.42 OK
r-devel-windows-x86_64 1.1.3 32.00 303.00 335.00 OK
r-patched-linux-x86_64 1.1.3 28.45 195.93 224.38 OK
r-release-linux-x86_64 1.1.3 23.53 199.09 222.62 OK
r-release-macos-arm64 1.1.3 103.00 NOTE
r-release-macos-x86_64 1.1.3 158.00 NOTE
r-release-windows-x86_64 1.1.3 31.00 221.00 252.00 OK
r-oldrel-macos-arm64 1.1.3 105.00 NOTE
r-oldrel-macos-x86_64 1.1.3 221.00 NOTE
r-oldrel-windows-x86_64 1.1.3 36.00 281.00 317.00 OK

Check Details

Version: 1.1.3
Check: installed package size
Result: NOTE installed size is 5.2Mb sub-directories of 1Mb or more: R 3.4Mb help 1.1Mb Flavors: r-release-macos-arm64, r-release-macos-x86_64, r-oldrel-macos-arm64, r-oldrel-macos-x86_64